uppose -5*c = -2*a - a + 28, 13 = -2*a - 3*c. Suppose 7 = -3*k + a. Let n(b) = -2*b**2 - 2*b + 2. What is n(k)?
-2
Let i(l) = 7*l - 2*l**2 + 4 - l**3 + 2 - 4*l**2 + 3*l**2. What is i(-4)?
-6
Let d(n) = -n**3 + 6*n**2 + 4*n + 7. Suppose -5*a - 14 = -7*a. Determine d(a).
-14
Let k(f) be the third derivative of f**2 + 1/120*f**6 + 0 + 1/15*f**5 - 1/3*f**3 + 1/12*f**4 + 0*f. What is k(-3)?
1
Let b = -4 - -2. Let y(f) = -2*f**3 - 4*f**2 - f + 2. What is y(b)?
4
Let v(i) be the third derivative of -1/120*i**5 + 1/8*i**4 + 1/3*i**3 + 0*i - i**2 + 0. Let z(y) be the first derivative of v(y). What is z(3)?
0
Let i(y) = 13*y**2 - y - 9. Let r(u) = 37*u**2 - 3*u - 26. Let k(g) = 17*i(g) - 6*r(g). Let j = 1 + -1. Determine k(j).
3
Suppose -4*d + 32 = -0*d. Let l(b) = -b + b - b + 9 - d. Let t be (-1)/4 + 3/(-4). What is l(t)?
2
Let q = -10 + 13. Suppose -q*o = d + 16, 0 = o + o + 4*d + 24. Let p(s) = -s - 3. Determine p(o).
1
Let p(a) = 3*a + 7 - 2 + 1. What is p(-5)?
-9
Let p(u) = -u + 1. Let w(r) = r**2 - 3*r + 8. Let c(a) = 6*p(a) - w(a). Let t = 5 + -1. Let o = 0 - t. Give c(o).
-6
Let a(t) = t**2 - t. Let l(f) = f**3 - 18*f**2 - 15*f + 3. Let d(z) = 2*a(z) + l(z). Let m be d(17). Let r(q) = -2*q + 1. Give r(m).
-5
Suppose -5*g + g + 17 = -5*p, 2 = -2*p. Let m(v) be the third derivative of -v**5/60 + 5*v**4/24 - v**3/2 - 5*v**2. What is m(g)?
3
Let a(c) be the first derivative of c**5/60 - c**4/6 - 8*c**3/3 - 8. Let u(i) be the third derivative of a(i). Determine u(3).
2
Let q(z) = -z**3 + z - 11. Let a(l) = -l**3 - 11*l**2 + 11*l - 12. Let y be a(-12). Give q(y).
-11
Suppose 16*v + 6 = 18*v. Let c(h) be the first derivative of -v + 1/2*h**2 + 0*h. What is c(-4)?
-4
Let p(n) = -5*n + 3*n**2 + n**2 + 12*n - 5*n**2. Determine p(5).
10
Suppose 0 = 2*a + 16 - 24. Let c(b) be the third derivative of 0 + 1/2*b**3 + 3*b**2 + 1/24*b**a + 0*b. What is c(-4)?
-1
Let s(i) = 2*i**3 + 27*i**2 + 27*i + 26. Let c(j) = -j**3 - 13*j**2 - 13*j - 13. Let u(y) = -5*c(y) - 2*s(y). Give u(-10).
3
Let p(v) = v**2 + 2*v - 4. Let a be p(-4). Let w be ((-4)/a)/(2/10). Let l(n) = n**3 + 5*n**2 + n - 6. Determine l(w).
-11
Let x(r) = -r**2 + 2*r. Let y be (-15)/30 + (-3)/2. Give x(y).
-8
Let y(f) be the first derivative of -f**2/2 + 5. Let v(x) = -5*x + 4. Let g(n) = v(n) - 6*y(n). Give g(-5).
-1
Let o(i) = -i**3 - 6*i**2 - 6*i - 6. Suppose 2*f = 2*c - f - 6, -c - f + 3 = 0. Suppose c*a - 4*a - 5 = 0. Determine o(a).
-1
Let r = 3 + 0. Suppose -5*u = -4*i - 12 - 15, -2*u + 5*i = -21. Let c(w) = 5*w - u - w - w. Give c(r).
6
Let m(j) be the first derivative of -j**4/8 - j**3/6 - 7*j**2/2 - 7. Let g(h) be the second derivative of m(h). What is g(-1)?
2
Let q(z) = z**2 - 4*z + 1. Suppose -3*m + 12 = 5*w, 0*w + 5*m = 2*w - 11. Suppose -n - w*n + 8 = 0. What is q(n)?
-3
Let k(g) = 24*g**2 - 11 + g + 19*g**2 + 1 + 23*g**2 - 67*g**2. Let a(x) = x - 7. Let z be a(5). Let f be (-2 - z)/((-1)/1). What is k(f)?
-10
Let i(z) be the second derivative of z**4/12 - z**3/2 - 3*z**2/2 - 5*z. Let u be (0 - -4) + 4/(-2). Suppose u*x + x = 9. Determine i(x).
-3
Let v(u) = -5*u**2 + 3*u - 1. Let z(h) = h**3 + 7*h**2 + 5. Let p be z(-7). Suppose -2*l + p - 1 = 0. What is v(l)?
-15
Let b(q) be the first derivative of q**2 + 4*q - 28. Calculate b(-6).
-8
Let z(k) = -k**2 - 3*k + 12. Let x be z(-5). Let j(m) = m**3 - 3*m**2 + 2*m - 2. What is j(x)?
-2
Let p(m) be the second derivative of -m**4/12 - m**3/2 + 3*m**2 + 13*m. Calculate p(-5).
-4
Suppose 9 - 11 = -m. Let f(h) = m*h**3 + h**3 - 1 - 2*h**3 + h**2. What is f(1)?
1
Let a(q) = -q - 5. Suppose -4*g + 5 = -11. Suppose -g*t + 3*m = 19, -2*m + 6 + 5 = -t. Let l be t/(-2)*(0 + 0). What is a(l)?
-5
Let d(p) be the third derivative of p**5/60 - 5*p**4/24 + p**3 + 3*p**2. Let o be d(4). Let v(u) = -u**3 + 2*u**2 + 2*u - 2. What is v(o)?
2
Suppose -3*x + 1 = -8. Suppose -3*j + x*d + 2 = 14, 4*d - 22 = -2*j. Let a(f) = 8*f + 1. Calculate a(j).
9
Let c be (-18)/8*(-32)/12. Let j(k) = 3*k - 3. What is j(c)?
15
Let f(b) = b. Let q be 1 + (2 - 6) + 5. Determine f(q).
2
Let z(w) = 3*w**3 + 5*w**2 + 9*w + 6. Let b(k) = -16*k**3 - 25*k**2 - 46*k - 30. Let l(o) = -2*b(o) - 11*z(o). Determine l(-4).
6
Let m(d) = 6*d + 5 + d - d - d. Determine m(-5).
-20
Let o = 6 + -9. Let j(q) be the second derivative of q**3/6 - 2*q**2 + 3*q. What is j(o)?
-7
Let z(b) be the second derivative of b**4/12 - b**3 + b**2/2 - 6*b. What is z(3)?
-8
Let v(m) = 5 - 5*m + 3*m**3 + m - 4*m**3 - 2. Calculate v(2).
-13
Let f(c) = c - 9. Suppose 4*p - 2*w - 12 = 0, -3*p + 18 = -0*p + 3*w. Give f(p).
-5
Let w(b) = b + 6*b - 5*b - 4*b + 1. Determine w(5).
-9
Suppose 2*n + 5*v - 14 = 0, 21 + 0 = 3*n - 4*v. Suppose -n = 5*b + 13. Let m(g) be the second derivative of -g**4/12 - g**3/3 + g**2/2 - 9*g. Calculate m(b).
-7
Let o(s) = -5*s**2 - 4*s + 2. Let f(d) = 6*d**2 + 4*d - 2. Let q(g) = -4*f(g) - 5*o(g). Let b(n) = -n**2 + 7*n + 13. Let m be b(9). Determine q(m).
3
Let o(z) = 2*z**2 + 2*z - 1. Let x be o(1). Let t = x - 5. Let y(r) = -3*r**3 - r**2 - 3*r - 2. Let j(b) = b**3 + b + 1. Let k(a) = -2*j(a) - y(a). Give k(t).
-6
Let c(w) = w - 10. Let h be c(5). Let z(r) = -5*r - 4 - r**3 - 6*r**2 - 3 + 1. Give z(h).
-6
Let a(f) be the third derivative of -f**5/30 - f**4/24 - f**3/6 + 27*f**2. Give a(-1).
-2
Let j(r) = r + 2*r**2 - r - 2 - r. Calculate j(2).
4
Let j(s) = 3*s**3 - 2*s**2 + 1. Suppose -2*l - 4*y = -2*y - 14, 2*l + 3*y - 19 = 0. What is j(l)?
17
Suppose l + l = -12. Let f(x) = -x - 3. Give f(l).
3
Suppose -5 = t + 4*s + 4, -11 = 5*t + 3*s. Let k be t + 0 + 0/(-2). Let f(c) = -4*c + 3. Let g(i) = -4*i + 2. Let o(u) = -2*f(u) + 3*g(u). Give o(k).
4
Let n(y) = -4*y**2 - y**3 + 0*y - 1 + 0*y**3 - 3*y. Suppose -4*z - 2 = -5*q - 17, -5*q - 2*z - 15 = 0. Calculate n(q).
-1
Let u(d) be the second derivative of d**3/6 - d**2/2 - 2*d. Suppose -3 - 1 = -y. Determine u(y).
3
Suppose 3*s - 7 = 4*s + n, -3*s + 5*n = -3. Let b be ((-3)/4)/((-1)/s). Let k(q) = -q**3 - 3*q**2 - q + 2. Determine k(b).
5
Let r be ((4 - 6)/(-6))/((-1)/(-12)). Let o(k) = k**3 - 3*k**2 - k - 3. Calculate o(r).
9
Let s(u) = -u**3 - 5*u**2 + 4*u - 9. Let w(o) = -5*o**3 - 24*o**2 + 19*o - 44. Let k(v) = -11*s(v) + 2*w(v). Calculate k(-8).
-5
Let i = -4 + 4. Suppose 8*j - 5*j - 30 = i. Let r be (-2)/(-4) - 45/j. Let c(o) = o**2 + 3*o + 4. What is c(r)?
8
Let x(o) be the second derivative of -o**7/1260 + o**6/360 + o**5/120 + o**4/4 + o. Let r(v) be the third derivative of x(v). Determine r(-1).
-3
Let j = -7 - -5. Let a(k) = -2*k**2 - k + 2. Let p(b) = -b**2 + 1. Let c(v) = 2*a(v) - 3*p(v). Give c(j).
1
Suppose -4*a = -7*a + 9. Let k(p) = -3 + 2*p + 4 - 4*p - a*p. Calculate k(1).
-4
Let b(s) be the first derivative of s**4/12 + s**3/3 - 3*s**2/2 - 7*s - 2. Let n(a) be the first derivative of b(a). Calculate n(-4).
5
Let k(g) = -4*g**2 + g + 3. Let t(r) = -r**3 - r**2 + r + 1. Let b(x) = -k(x) + t(x). Suppose -5*w + 3*j + 10 = 0, 4 = 4*w - 2*w + 4*j. Determine b(w).
2
Let j(g) = g**3 - 6*g**2 + 2. Let q be 3 - (-2)/((-6)/(-9)). Calculate j(q).
2
Let j(x) = -5*x + 1. Suppose -4*n = 2*c + 2, -5*n + 2 = -3*c + 10. What is j(n)?
6
Let l(f) be the second derivative of f**3/6 + 3*f**2/2 - 24*f. What is l(3)?
6
Let f(k) = k**2 + 8. Suppose -3*m - 5*p = 10, 0*p - 2*p = -2*m + 20. Suppose 0 = -3*x + m + 1. Suppose x*d + 2 = -d + w, -4*w = 2*d - 8. What is f(d)?
8
Let q(i) be the third derivative of i**5/30 - 5*i**4/24 - 73*i**2. What is q(4)?
12
Let m = 4 + -6. Let i be 3*(-1 - (-4 - m)). Suppose -j + i = 1. Let q(a) = -a. Determine q(j).
-2
Let z = 16 + -11. Let t(d) = 3*d - z*d + 3 - 4. Calculate t(-4).
7
Suppose 0*o - 4*o = 0. Let w = 3 - o. Suppose -w*d = d + 24. Let n(c) = -c**3 - 7*c**2 - 8*c - 8. Determine n(d).
4
Let x(v) = -7*v**3 + 1 + 8*v - 4*v**3 + 8*v**2 + 2 + 10*v**3. Give x(9).
-6
Let u(j) be the third derivative of j**5/60 - 5*j**4/24 + 5*j**3/6 - 2*j**2. Let z be (4 - 5)/((-1)/4). Let b be u(z). Let s(l) = 5*l. What is s(b)?
5
Let g(m) = -5 + m**2 - 4*m**3 + 5*m**3 + m - 1. Suppose 0 = -d + 1, -d = -4*y - 3*d + 2. What is g(y)?
-6
Let a(k) = 4*k + 2*k**2 - 6 + 5 - 7*k. Give a(3).
8
Let x be ((-9)/(-3) - 7)*-2. Suppose -n - 5*k + 2 = -2*n, 4*n = -5*k - x. Let r(a) = -3*a + 2. Calculate r(n).
8
Let w(i) be the second der